 Let a be u(-10). Let j(h) = 2*h + 6. Calculate j(a).
-2
Suppose 4*h + 38 = 14. Let y = -5 - -7. Let n(t) = -y + t**2 + 2*t - 3 + 4*t. Determine n(h).
-5
Suppose 4*t = r - 22, 4*r - 27 = 5*t - 5. Let k = t + 10. Let d(z) be the first derivative of -z**4/4 + 4*z**3/3 + 1. Give d(k).
0
Let k(a) = -2*a**2 - 2*a - 12*a + 4*a - 1 + 9*a. Calculate k(-2).
-7
Suppose -44 = -2*g - 0*g. Let i = 9 - g. Let a = -11 - i. Let b(s) = -s**2 + 2*s + 1. Determine b(a).
1
Let x(q) = -3*q**3 + 9*q**2 + q - 6. Let n(r) = r**3 - 3*r**2 + 2. Let t(l) = 11*n(l) + 4*x(l). Let k be t(4). Let y(b) = -5*b - 2. Calculate y(k).
8
Let h = -96 - -97. Let v be (-18)/(8/(-5 + h)). Let k(b) = b**3 - 10*b**2 + 11*b - 7. What is k(v)?
11
Let y(p) = 7*p**2 - 1. Suppose 130 = -13*u + 143. Calculate y(u).
6
Let v(d) be the second derivative of -d**4/12 + d**3/3 + 5*d**2/2 + 7*d. Let b be 65/39 - (-1)/3. Let q be (6 + -1)/(2/b). Determine v(q).
-10
Suppose 2*m + 19*h + 1 = 16*h, -4*m = 4*h. Let l(f) = 10*f**2 + f + 2. Let v(z) = -z**2 - z - 1. Let a(g) = -l(g) - 2*v(g). What is a(m)?
-7
Let t(c) = 4*c**3 - c**2 + 6*c + 6. Suppose 0 = -4*o - 4*h, -2*o + 2*h - 7 + 3 = 0. Determine t(o).
-5
Let u(y) = y**2 - 9*y - 25. Let j = -398 + 409. Determine u(j).
-3
Let p(h) = -14*h - 16. Let u(k) = -33*k - 31. Let z(a) = 5*p(a) - 2*u(a). What is z(-5)?
2
Let k(a) = 23*a + 9. Let u(l) = -2*l**2 - l - 2. Let s be u(-3). Let g(m) = 8*m + 3. Let p(v) = s*g(v) + 6*k(v). Give p(-6).
-9
Let w(f) = 3*f + 3. Let n(x) = -3*x - 2. Let q(m) = -2*m - 1. Let o(p) = 7*n(p) - 6*q(p). Let j(y) = -3*o(y) - 8*w(y). Determine j(-2).
-6
Let x(i) = -i**2 - 4*i. Suppose 2*g = 6*g + 3*p - 7, p = -g + 3. Let v be x(g). Let u(t) = t**2 - 4*t + 2. What is u(v)?
2
Suppose -d + 1 = -2. Let o(j) = -7*j**2 + 0*j + 2*j**2 - j**3 + d*j + 2*j**2. Suppose -a + 2*k - 4 = -2*a, 3*a = 4*k - 28. Calculate o(a).
4
Let k(z) be the third derivative of -z**5/60 - z**4/6 - z**3/3 - 2*z**2 - 38*z. Give k(-5).
-7
Let i(x) = x**3 - 4*x**2 + 4*x. Let w be i(2). Suppose o - 5 + 0 = -c, -3*o = -4*c + 6. Let p(j) = -2 - j**o + 0*j**2 + 6. Calculate p(w).
4
Let y(n) = -n**3 - 4*n**2 - 3*n - 4. Suppose 20 = -4*d, -3*h - 4*d - 212 = 36. Let j = h - -72. Determine y(j).
8
Let s(w) be the second derivative of w**5/20 - 7*w**4/12 + w**3 - 3*w**2/2 + 27*w + 1. Let x(d) = d**2 - d. Let c be x(-2). Give s(c).
-3
Let d(w) = -w + 2. Let n(h) = h. Let a(p) = d(p) + 6*n(p). Suppose -5*c - 8 = 7. Let i be c - 0 - 9/(-9). What is a(i)?
-8
Let a(h) be the third derivative of -h**8/20160 - h**7/1008 - h**6/120 - h**5/20 + 7*h**2. Let w(u) be the third derivative of a(u). What is w(-6)?
-12
Let x be (-9)/21 + 4/(-7) + 4. Let y(q) be the second derivative of 0 - 1/6*q**x - q**2 - 3*q. Determine y(2).
-4
Let p(r) = -4*r**2 + 2*r + 2. Let f be -10*6/(-45) + (-68)/6. Let x be 2/(-2)*(8 + f). What is p(x)?
-10
Let r(d) = -28156 + 28156 + 20*d. Determine r(-1).
-20
Suppose 26 = 30*x - 17*x. Let l(s) = -s**2 + 4*s - 3. Determine l(x).
1
Suppose 32 + 11 = 3*g - 2*o, o + 5 = 0. Let a(r) = -r**2 + 13*r - 12. Give a(g).
10
Let l = 37 + -19. Let v = l - 15. Let f(x) = -x**3 + 3*x**2 + x - 2. Determine f(v).
1
Let n(p) = -2*p**2 - 2*p + 2. Let x(g) = -4*g**3 - g**2 - g**3 + 6*g**3 - 5 + 3. Let s be x(2). Calculate n(s).
-10
Let w(z) = z**3 + z + 4. Suppose -18 - 72 = 5*v. Let b = -16 - v. Let r be (-3 + (4 - 1))/b. What is w(r)?
4
Let k(h) = -1. Let l(a) = a - 3. Let b = -37 - -41. Let g(w) = b*k(w) - l(w). Calculate g(-4).
3
Let n = -143 + 161. Let j(a) = -2*a + 36. Let g be j(n). Let h(f) = f - 2. Calculate h(g).
-2
Let v(n) = -323*n**3 - 320*n**3 - 321*n**3 + 29*n**2 + 1279*n**3 - 316*n**3 + 30*n. Calculate v(30).
0
Suppose 35*x = 36*x + 4. Let z(c) = -3*c - 5. What is z(x)?
7
Let v(f) = f**2 + 2*f + 2. Let m be v(-2). Suppose -7*n + 5 = -m*n. Suppose 7 = -2*x - n. Let q(s) = s + 1. Determine q(x).
-3
Suppose 5*i - 40 = 5*u, -i + 3*i + 5*u + 12 = 0. Suppose 4 = 4*k - i. Let h(r) = 58 - 24 - r**k + 7*r - 27. Give h(7).
7
Let z(k) = k**3 - 1 + 1149*k + 0*k**3 - 2*k**2 - 1151*k. Give z(-1).
-2
Let m(k) = -k**3 - 9*k**2 - 3*k - 4. Let g be m(-9). Let w = 19 - g. Let y(i) be the third derivative of -i**5/60 - i**4/24 - i**3/6 - i**2. Calculate y(w).
-13
Let u = 107 - 102. Suppose 3*f = u*f - 8. Let c(p) be the first derivative of p**3/3 - 5*p**2/2 + 2*p + 1. Determine c(f).
-2
Let n(v) = v**3 - 4*v**2 - 14*v + 14. Let q be n(6). Let b(a) = 20*a**2 - 49*a**2 - 1 + 27*a**q. Give b(-1).
-3
Suppose 5*m - 71 = j, m + 0*m = 4*j - 1. Let a(g) = -g**3 + 15*g**2 + 2*g - 29. Determine a(m).
1
Let k(v) = -3*v + 3. Let c = -24 - -26. Let y be (-4)/(2 + (-6)/c). What is k(y)?
-9
Let s(q) = -3*q - 12. Let f(n) = 4*n + 11. Let j(a) = -2*f(a) - 3*s(a). Let x = -823 - -813. Calculate j(x).
4
Let k(z) = -z**2 - z + 10. Let m = -4 - -4. Let j be k(m). Let u(f) = f**2 + f + 2*f**3 - j + 0*f - 3*f**3. Determine u(0).
-10
Suppose -3*l = -5*t + 6, 0*t + 5*t - 21 = -2*l. Suppose 0 = 2*s - 4. Let m(n) = -2*n - n**s + 6 + n + 0 - 2. What is m(t)?
-8
Let x(f) be the third derivative of -f**5/20 - f**4/12 + 2*f**3/3 - 35*f**2. Give x(-3).
-17
Suppose 158 + 238 = -44*s. Let t(u) = -u**2 - 8*u + 17. What is t(s)?
8
Let b(y) be the second derivative of 3*y**3/2 - y**2/2 - 3*y - 10. Let m(r) = r**3 + 10*r**2 + 8*r - 7. Let g be m(-9). Determine b(g).
17
Let h(a) = a**2 - 6*a + 6. Suppose 20 = -2*b - 5*q, b - q = 2 + 2. Let r be ((-10)/8)/(2/(-8)). Suppose s + 0 + 5 = u, b = -5*s - r. Calculate h(u).
-2
Let n = -44 - -47. Let q(u) = -18*u**3 - 19*u**3 + 38*u**n + 4 - 4*u**2 - 4*u. Determine q(5).
9
Let l(a) = -6*a - 5*a - 8*a + 1 + 21*a. Give l(1).
3
Let q = 5 - 13/3. Let j(b) be the second derivative of 0 + q*b**3 - 1/20*b**5 - 1/6*b**4 + 3/2*b**2 + 2*b. Give j(-2).
-5
Let u be (27/45)/((-1)/(-10)*-2). Let s(v) = -2*v**2 - v + 1. Calculate s(u).
-14
Suppose 204*q = 202*q + 10. Let z(n) = -n**3 + 6*n**2 - 6*n + 7. Give z(q).
2
Let x(k) = -2*k**2 - k - 1. Suppose 12 = 27*i - 23*i. Suppose 2*m + 4 = i*m. Suppose 0 = 2*t - t - 1, m*t = 5*g + 14. Determine x(g).
-7
Let h(k) = k. Suppose 0 = 13*u - 50 + 245. Let t = u - -13. Determine h(t).
-2
Let d be (-44)/(-6) + 3/(-9). Let f(r) = -r**3 + 7*r**2 - 9. Let p be f(d). Let x(v) = -v - 5. Give x(p).
4
Let r(m) = m**3 + 13*m**2 - 15*m - 10. Let j be 6/(-15)*(-4 + 39). Let d be r(j). Let x(a) = -a. Let c(h) = 7*h + 4. Let v(n) = c(n) + 6*x(n). What is v(d)?
8
Let m(z) = -z**3 - 8*z**2 - 9*z - 63. Let t be m(-8). Let c(l) be the third derivative of -l**5/60 + 5*l**4/12 - 3*l**3/2 + l**2. Give c(t).
0
Let d(s) = s**3 + 3*s**2 - 2*s - 2. Suppose 0 = -9*p + 9 + 81. Suppose -5*a + 8 = -5*l - 2, 0 = -5*a + l - p. Calculate d(a).
4
Suppose 3 = -r + 2*l, r + 87 = -l + 96. Let q(n) = 2*n - 7. Determine q(r).
3
Let d(r) = -7*r**2 - 2*r + 2. Let k be 10/55 - (371/(-77) - -4). What is d(k)?
-7
Let h = 345 + -341. Let k(d) be the third derivative of -1/12*d**5 + 0 + 1/6*d**h + 0*d + 2*d**2 + 1/120*d**6 - 1/3*d**3. Give k(4).
-2
Let x = -6 + 8. Let s(m) = -7*m - 5 + 4 + 6 + m**x. Suppose -2*y = y - w - 16, 3*y + 2*w = 4. Give s(y).
-7
Suppose -18 = -4*f + 2. Let i be 4 + 2/(-3)*6. Suppose i = 9*q - f*q - 28. Let c(h) = h**2 - 8*h + 5. Give c(q).
-2
Let k(b) be the second derivative of -b**5/20 - 5*b**4/6 - b**3/3 - 15*b**2/2 + 3*b - 11. Determine k(-10).
5
Suppose -w + o = -0*o - 10, 2*w = -2*o + 16. Let r(x) = -3*x**3 - x**3 + 6*x**3 - 10*x - x**3 - 6*x**2 + w. Determine r(7).
-12
Let y(b) be the second derivative of -b**3/3 + b**2/2 - b. Let h = 96 + -223. Let l = h - -130. Determine y(l).
-5
Suppose 0 = 2*c + 2*c - 32. Let b(a) = 0*a - a**2 - 6 - c*a - a. Give b(-7).
8
Let n(q) be the first derivative of 6 - 3*q - 5/2*q**2 - 1/3*q**3. Calculate n(-5).
-3
Let m(i) be the third derivative of -1/6*i**4 + 0 - 1/2*i**3 + 6*i**2 + 0*i. Give m(5).
-23
Let f = -32 - -33. Let q(s) = s**3 + 0 + 3*s - s - s**2 - 1 + 0*s**3. Determine q(f).
1
Let q(x) = -x**3 - 7*x**2 - 8*x - 3. Suppose 0 = -48*o + 58*o + 60. Give q(o).
9
Suppose 32 + 19 = 3*o. Let r(u) = o - 17 + 2*u - 12. Let q be r(5). Let l(n) = -n**3 - 4*n**2 - n + 1. Determine l(q).
-5
Let r be 30 - 0*(-3)/(-3). Let f = -35 + r. Let a(p) = -p**3 - 5*p**2 - p - 3. Give a(f).
2
Suppose 34 = -2*f + 4*i, -7 = -f - i - 18. Let t(b) = -